{"id":417,"date":"2016-02-13T22:52:47","date_gmt":"2016-02-13T21:52:47","guid":{"rendered":"http:\/\/www.gruene-bad-emstal.de\/?page_id=417"},"modified":"2016-02-13T22:52:47","modified_gmt":"2016-02-13T21:52:47","slug":"unser-ziel-bad-emstal-muss-fur-alle-lebenswert-bleiben","status":"publish","type":"page","link":"http:\/\/www.gruene-bad-emstal.de\/?page_id=417","title":{"rendered":"Unser Ziel &#8211; Bad Emstal muss f\u00fcr alle lebenswert bleiben"},"content":{"rendered":"<p style=\"text-align: center;\">Mittendrin \u2013 engagiert f\u00fcr unsere Gemeinde<\/p>\n<p>Das ist uns ein Herzensanliegen, gleich ob in der Gemeindevertretung, im Ortsbeirat, bei der Dorferneuerung, in der Thermalbadkommission, der B\u00fcrgerinitiative gegen SuedLink und bei vielen ehrenamtlichen Aktivit\u00e4ten mehr. Wir, Bad Emstaler Gr\u00fcne, sind mittendrin und aktiv dabei.<\/p>\n<p>Diese Punkte sind uns besonders wichtig:<\/p>\n<p><strong>Die Trasse, die keiner braucht \u2013 SuedLink<\/strong><\/p>\n<p>Ja zur Energiewende. Nein zur Hochspannungstrasse. Sowohl der Ortsverband als auch die Fraktion der Gr\u00fcnen in Bad Emstal haben ihren Standpunkt zu diesem wichtigen Thema bereits im M\u00e4rz 2014 festgelegt. F\u00fcr uns\u00a0 gab NIE eine Debatte \u00fcber das WIE, da wir \u00fcberzeugt sind, dass der Ausbau von Hochleistungstrassen der von uns angestrebten Energiewende entgegensteht. Aus diesem Grund k\u00f6nnen wir auch die Haltung einiger Gr\u00fcner auf Landesebene nicht teilen und haben dies parteiintern auch massiv kundgetan.<\/p>\n<p><strong>Ein sicherer Ort f\u00fcr die Kleinsten \u2013 unsere Kinderg\u00e4rten<\/strong><\/p>\n<p>In unseren Kinderg\u00e4rten sollen sich alle wohlf\u00fchlen. Alle Kinder &#8211; gleich welcher Herkunft, ob mit oder ohne Einschr\u00e4nkungen \u2013 die MitarbeiterInnen und die Eltern. Unsere Aufgabe ist es darauf und auf die Kostenstruktur zu achten. Hier gibt es noch viel zu tun. Die Kostenentwicklung muss sich \u00e4ndern. Dies darf aber nicht zu Lasten der MitarbeiterInnen gehen, sondern durch strukturelle Ver\u00e4nderungen erreicht werden. Geb\u00fchrenerh\u00f6hungen sind kein L\u00f6sungsansatz. Mittelfristig ist es ein wichtiges gesamtgesellschaftliches Ziel, dass der Kindergartenbesuch f\u00fcr alle kostenfrei wird.<\/p>\n<p><strong>Steuerschrauben drehen kann jeder &#8211; Gemeindefinanzen<\/strong><\/p>\n<p>Es gibt Alternativen zur Grundsteuererh\u00f6hungen. Wir fordern endlich eine zukunftsorientierte Planung. Nur wer vorausschauend agiert, kann wirklich sparen. Wir wissen, dass es Menschen in Bad Emstal gibt, die jeden Cent umdrehen m\u00fcssen. Das verpflichtet zur verantwortungsvollen Umgang mit dem Geld der anderen.<\/p>\n<p><strong>Aufgaben gemeinsam schultern \u2013 interkommunale Zusammenarbeit<\/strong><\/p>\n<p>Vielerorts hat sich die interkommunale Zusammenarbeit bew\u00e4hrt. Selbstverst\u00e4ndlich geh\u00f6ren bestehende Modelle immer wieder \u00fcberpr\u00fcft. Aber der Alltag zeigt, die Vorteile \u00fcberwiegen.<\/p>\n<p><strong>Das Thermalbad \u2013 eine unendliche Geschichte<\/strong><\/p>\n<p>Genau das darf das Defizit des Thermalbades nicht werden. Wir fordern sp\u00e4testens 2017 eine Neubewertung der Situation des Bades. Warum nicht jetzt? Derzeit gibt es einige positive Ans\u00e4tze. Es scheint sinnvoll, diesen Zeitpunkt abzuwarten.<br \/>\nBei allem Optimismus gilt es zu allererst in Sachen Thermalbad Transparenz zu schaffen und die Bad Emstaler umfassend zu informieren. Nur wenn sich das dramatische Defizit perspektivisch deutlich verringert, ist ein Weiterbetrieb verantwortbar.<\/p>\n<p><strong>Mehr Sicherheit \u2013 nur durch ein friedliches Miteinander<\/strong><\/p>\n<p>Br\u00fccken bauen in Konfliktsituationen bringt mehr als Gr\u00e4ben auszuheben. Instrumenten daf\u00fcr sind z. B. Schiedsgerichte, gemeinsamen Veranstaltungen und Partnerschaften mit anderen Gemeinden. Der Blick \u00fcber den eigenen Tellerrand schafft h\u00e4ufig Raum f\u00fcr mehr Toleranz. Aus diesem Grund ist zum Beispiel der bestehende \u00fcbergeordnete Ordnungsbeh\u00f6rdenbezirk das richtige Instrument in diesem Bereich. Gerade wenn es um Nachbarstreitigkeiten und \u00c4hnliches geht, ist eine gewisse Distanz zu allen Beteiligen durchaus konfliktentsch\u00e4rfend. Und wenn jemand mit der Sicherheit der B\u00fcrger*Innen Geld verdienen will, hat das wenig mit B\u00fcrgern\u00e4he zu tun. Wir brauchen keine Hilfssheriffs hinter jedem Baum, sondern Nachbarn, die auf einander aufpassen und miteinander reden.<\/p>\n<p><strong>Mobil in und um Bad Emstal<\/strong><\/p>\n<p>Eine zentrale Aufgabe \u2013 auch in Hinblick auf die demografische Entwicklung \u2013 ist der Erhalt der Mobilit\u00e4t der Menschen in unserer Gemeinde. Das ist bereits seit mehreren Jahren ein zentrales Anliegen von uns. Wir arbeiten an einem gesamtheitlichen Verkehrskonzept f\u00fcr Bad Emstal. Neben bezahlbarem \u00d6PNV nehmen Radwege, die auch im Alltag genutzt werden k\u00f6nnen, einen wichtigen Platz darin ein. Selbstverst\u00e4ndlich verlieren wir dabei nicht den Blick f\u00fcr \u00fcberregionale Verbindungen. Bad Emstal soll auch in Zukunft f\u00fcr alle gut erreichbar sein.<\/p>\n<p><strong>Zukunft des Kurparks<\/strong><\/p>\n<p>Dank begr\u00fc\u00dfungswerter Privatinitiativen ist Leben in unseren Kurpark eingezogen. Einrichtung wie dieser erf\u00fcllen keinen Selbstzweck, so kann die \u00d6ffnung f\u00fcr mehr Zielgruppen nur der Beginn sein. Es gilt Freir\u00e4umen zu schaffen. Um den Erhalt des Parks auf Dauer zu sichern ist es unabdingbar, dass die Pflege kosteng\u00fcnstiger wird, zum Beispiel durch die Anlage eines Nussbaumw\u00e4ldchens.<\/p>\n","protected":false},"excerpt":{"rendered":"<p>Mittendrin \u2013 engagiert f\u00fcr unsere Gemeinde Das ist uns ein Herzensanliegen, gleich ob in der Gemeindevertretung, im Ortsbeirat, bei der Dorferneuerung, in der Thermalbadkommission, der B\u00fcrgerinitiative gegen SuedLink und bei vielen ehrenamtlichen Aktivit\u00e4ten mehr. Wir, Bad Emstaler Gr\u00fcne, sind mittendrin und aktiv dabei. Diese Punkte sind uns besonders wichtig: Die Trasse, die keiner braucht \u2013 [&hellip;] <a class=\"more-link\" href=\"http:\/\/www.gruene-bad-emstal.de\/?page_id=417\">&darr; Read the rest of this entry&#8230;<\/a><\/p>\n","protected":false},"author":4,"featured_media":0,"parent":394,"menu_order":0,"comment_status":"open","ping_status":"open","template":"","meta":[],"_links":{"self":[{"href":"http:\/\/www.gruene-bad-emstal.de\/index.php?rest_route=\/wp\/v2\/pages\/417"}],"collection":[{"href":"http:\/\/www.gruene-bad-emstal.de\/index.php?rest_route=\/wp\/v2\/pages"}],"about":[{"href":"http:\/\/www.gruene-bad-emstal.de\/index.php?rest_route=\/wp\/v2\/types\/page"}],"author":[{"embeddable":true,"href":"http:\/\/www.gruene-bad-emstal.de\/index.php?rest_route=\/wp\/v2\/users\/4"}],"replies":[{"embeddable":true,"href":"http:\/\/www.gruene-bad-emstal.de\/index.php?rest_route=%2Fwp%2Fv2%2Fcomments&post=417"}],"version-history":[{"count":14,"href":"http:\/\/www.gruene-bad-emstal.de\/index.php?rest_route=\/wp\/v2\/pages\/417\/revisions"}],"predecessor-version":[{"id":463,"href":"http:\/\/www.gruene-bad-emstal.de\/index.php?rest_route=\/wp\/v2\/pages\/417\/revisions\/463"}],"up":[{"embeddable":true,"href":"http:\/\/www.gruene-bad-emstal.de\/index.php?rest_route=\/wp\/v2\/pages\/394"}],"wp:attachment":[{"href":"http:\/\/www.gruene-bad-emstal.de\/index.php?rest_route=%2Fwp%2Fv2%2Fmedia&parent=417"}],"curies":[{"name":"wp","href":"https:\/\/api.w.org\/{rel}","templated":true}]}}

Unser Ziel &#8211; Bad Emstal muss für alle lebenswert bleiben

<p style="text-align: center;">Mittendrin – engagiert für unsere Gemeinde</p>
<p>Das ist uns ein Herzensanliegen, gleich ob in der Gemeindevertretung, im Ortsbeirat, bei der Dorferneuerung, in der Thermalbadkommission, der Bürgerinitiative gegen SuedLink und bei vielen ehrenamtlichen Aktivitäten mehr. Wir, Bad Emstaler Grüne, sind mittendrin und aktiv dabei.</p>
<p>Diese Punkte sind uns besonders wichtig:</p>
<p><strong>Die Trasse, die keiner braucht – SuedLink</strong></p>
<p>Ja zur Energiewende. Nein zur Hochspannungstrasse. Sowohl der Ortsverband als auch die Fraktion der Grünen in Bad Emstal haben ihren Standpunkt zu diesem wichtigen Thema bereits im März 2014 festgelegt. Für uns  gab NIE eine Debatte über das WIE, da wir überzeugt sind, dass der Ausbau von Hochleistungstrassen der von uns angestrebten Energiewende entgegensteht. Aus diesem Grund können wir auch die Haltung einiger Grüner auf Landesebene nicht teilen und haben dies parteiintern auch massiv kundgetan.</p>
<p><strong>Ein sicherer Ort für die Kleinsten – unsere Kindergärten</strong></p>
<p>In unseren Kindergärten sollen sich alle wohlfühlen. Alle Kinder &#8211; gleich welcher Herkunft, ob mit oder ohne Einschränkungen – die MitarbeiterInnen und die Eltern. Unsere Aufgabe ist es darauf und auf die Kostenstruktur zu achten. Hier gibt es noch viel zu tun. Die Kostenentwicklung muss sich ändern. Dies darf aber nicht zu Lasten der MitarbeiterInnen gehen, sondern durch strukturelle Veränderungen erreicht werden. Gebührenerhöhungen sind kein Lösungsansatz. Mittelfristig ist es ein wichtiges gesamtgesellschaftliches Ziel, dass der Kindergartenbesuch für alle kostenfrei wird.</p>
<p><strong>Steuerschrauben drehen kann jeder &#8211; Gemeindefinanzen</strong></p>
<p>Es gibt Alternativen zur Grundsteuererhöhungen. Wir fordern endlich eine zukunftsorientierte Planung. Nur wer vorausschauend agiert, kann wirklich sparen. Wir wissen, dass es Menschen in Bad Emstal gibt, die jeden Cent umdrehen müssen. Das verpflichtet zur verantwortungsvollen Umgang mit dem Geld der anderen.</p>
<p><strong>Aufgaben gemeinsam schultern – interkommunale Zusammenarbeit</strong></p>
<p>Vielerorts hat sich die interkommunale Zusammenarbeit bewährt. Selbstverständlich gehören bestehende Modelle immer wieder überprüft. Aber der Alltag zeigt, die Vorteile überwiegen.</p>
<p><strong>Das Thermalbad – eine unendliche Geschichte</strong></p>
<p>Genau das darf das Defizit des Thermalbades nicht werden. Wir fordern spätestens 2017 eine Neubewertung der Situation des Bades. Warum nicht jetzt? Derzeit gibt es einige positive Ansätze. Es scheint sinnvoll, diesen Zeitpunkt abzuwarten.<br />
Bei allem Optimismus gilt es zu allererst in Sachen Thermalbad Transparenz zu schaffen und die Bad Emstaler umfassend zu informieren. Nur wenn sich das dramatische Defizit perspektivisch deutlich verringert, ist ein Weiterbetrieb verantwortbar.</p>
<p><strong>Mehr Sicherheit – nur durch ein friedliches Miteinander</strong></p>
<p>Brücken bauen in Konfliktsituationen bringt mehr als Gräben auszuheben. Instrumenten dafür sind z. B. Schiedsgerichte, gemeinsamen Veranstaltungen und Partnerschaften mit anderen Gemeinden. Der Blick über den eigenen Tellerrand schafft häufig Raum für mehr Toleranz. Aus diesem Grund ist zum Beispiel der bestehende übergeordnete Ordnungsbehördenbezirk das richtige Instrument in diesem Bereich. Gerade wenn es um Nachbarstreitigkeiten und Ähnliches geht, ist eine gewisse Distanz zu allen Beteiligen durchaus konfliktentschärfend. Und wenn jemand mit der Sicherheit der Bürger*Innen Geld verdienen will, hat das wenig mit Bürgernähe zu tun. Wir brauchen keine Hilfssheriffs hinter jedem Baum, sondern Nachbarn, die auf einander aufpassen und miteinander reden.</p>
<p><strong>Mobil in und um Bad Emstal</strong></p>
<p>Eine zentrale Aufgabe – auch in Hinblick auf die demografische Entwicklung – ist der Erhalt der Mobilität der Menschen in unserer Gemeinde. Das ist bereits seit mehreren Jahren ein zentrales Anliegen von uns. Wir arbeiten an einem gesamtheitlichen Verkehrskonzept für Bad Emstal. Neben bezahlbarem ÖPNV nehmen Radwege, die auch im Alltag genutzt werden können, einen wichtigen Platz darin ein. Selbstverständlich verlieren wir dabei nicht den Blick für überregionale Verbindungen. Bad Emstal soll auch in Zukunft für alle gut erreichbar sein.</p>
<p><strong>Zukunft des Kurparks</strong></p>
<p>Dank begrüßungswerter Privatinitiativen ist Leben in unseren Kurpark eingezogen. Einrichtung wie dieser erfüllen keinen Selbstzweck, so kann die Öffnung für mehr Zielgruppen nur der Beginn sein. Es gilt Freiräumen zu schaffen. Um den Erhalt des Parks auf Dauer zu sichern ist es unabdingbar, dass die Pflege kostengünstiger wird, zum Beispiel durch die Anlage eines Nussbaumwäldchens.</p>

<p>Mittendrin – engagiert für unsere Gemeinde Das ist uns ein Herzensanliegen, gleich ob in der Gemeindevertretung, im Ortsbeirat, bei der Dorferneuerung, in der Thermalbadkommission, der Bürgerinitiative gegen SuedLink und bei vielen ehrenamtlichen Aktivitäten mehr. Wir, Bad Emstaler Grüne, sind mittendrin und aktiv dabei. Diese Punkte sind uns besonders wichtig: Die Trasse, die keiner braucht – [&hellip;] <a class="more-link" href="http://www.gruene-bad-emstal.de/?page_id=417">&darr; Read the rest of this entry&#8230;</a></p>
